{"id":39,"date":"2013-04-04T10:54:32","date_gmt":"2013-04-04T10:54:32","guid":{"rendered":"http:\/\/www.festivalsalserouv.com\/wp\/?page_id=39"},"modified":"2017-01-19T08:31:31","modified_gmt":"2017-01-19T08:31:31","slug":"djs","status":"publish","type":"page","link":"https:\/\/festivalsalserouv.sefuv.com\/?page_id=39","title":{"rendered":"DJs"},"content":{"rendered":"<div class=\"toggle-container rounded-all\"><a href=\"#\" class=\"toggle\"><span class=\"toggle-sign rounded-all\"><\/span><span class=\"toggle-title\">Pablo Bat<\/span><\/a><\/p>\n<div class=\"toggle-content rounded-bottom\">\n<\/div>\n<\/div>\n<div class=\"toggle-container rounded-all\"><a href=\"#\" class=\"toggle\"><span class=\"toggle-sign rounded-all\"><\/span><span class=\"toggle-title\">Mario Edo Izquierdo<\/span><\/a><\/p>\n<div class=\"toggle-content rounded-bottom\">\n<img decoding=\"async\" class=\"rounded-all alignright\" src=\"https:\/\/festivalsalserouv.sefuv.com\/wp-content\/uploads\/2013\/04\/MARIO-EDO-IZQUIERDO.jpg\" alt=\"\" \/><br \/>\nMario Edo Izquierdo, nace en Valencia (Espa\u00f1a) el 4 de Agosto de 1969, se inicia en el mundo de la m\u00fasica a muy temprana edad, influenciado por su padre, el Guitarrista profesional Manuel Edo, tambi\u00e9n conocido como \u201cManolo Reyes\u201d. Hereda de este el o\u00eddo musical, expandiendo su afici\u00f3n por adquirir cualquier genero musical. En 1987 empieza a escuchar m\u00fasica latina en los primeros locales de Valencia , que colocaban estas m\u00fasicas en sus sesiones diarias, tales como el Rinc\u00f3n latino, o el Bovery, los cuales frecuentaba despu\u00e9s de realizar sus estudios , que recib\u00eda muy cerca de donde estos se encontraban. En 1988 le llega a sus manos un vinilo de Rub\u00e9n Blades llamado \u201cSiembra\u201d el cual le engancha de tal modo a la m\u00fasica latina, que le crea una especie de adicci\u00f3n, por lo que ampl\u00eda su colecci\u00f3n en breve, convirti\u00e9ndose en un apasionado de la Salsa Cl\u00e1sica, escuchando todo lo que le llega a sus manos, leyendo libros sobre el tema, biograf\u00edas de artistas, cr\u00e9ditos de los discos, cultura de la Salsa y de sus pa\u00edses de origen. Sin embargo no se inicia como Dj hasta a\u00f1os mas tarde, que apadrinado por Ferm\u00edn Olaya y de la mano de este, pasa a ser el responsable de la programaci\u00f3n musical de la m\u00edtica terraza de verano \u201cLa Floridita\u201d, ya desaparecida. Desde ese momento, su intento es hacer llegar a su p\u00fablico la mejor m\u00fasica posible, en salas como; Johnny Maracas, El rinc\u00f3n latino de Hanax, Deskaro Salsa, Tropicana del Turia, Bachata 31, New Bachata, Akuarela Salsa, Bambo Salsa, Discoteca Tropicana, Asucar, Itaka, y actualmente est\u00e1 de responsable de la programaci\u00f3n musical de la sala Noches de Bohemia &#8230; Su andadura por el dial de la radio Valenciana comienza en el 2002, empezando como colaborador en el programa \u201cSalsa que m\u00e1s da\u201d, dirigido por Dj Pablo Bat en la 107.7 FM del dial Valenciano, pasando en el a\u00f1o 2003 a la 87.8 FM con el mismo programa. Tambi\u00e9n en el a\u00f1o 2004 pasa a ser colaborador del programa \u201cSalseando\u201d el cual dirigi\u00f3 Dj Kike Traver. A recibido premios varios, por su labor como conocedor de la salsa y Dj. Hoy en d\u00eda, es uno de los Dj\u00b4s m\u00e1s apreciados por los bailadores de salsa de la Comunidad Valenciana. Por lo que ha podido participar en diferentes eventos a nivel nacional , esto lle ha permitido cumplir uno de sus sue\u00f1os , codearse con grandes interpretes del genero de la salsa , como El Gran Combo de Puerto Rico , Andy Monta\u00f1ez, V\u00edctor Manuelle, Rey Ruiz, \u00d3scar de Le\u00f3n, Lito Pe\u00f1a, etc.\n<\/div>\n<\/div>\n<div class=\"toggle-container rounded-all\"><a href=\"#\" class=\"toggle\"><span class=\"toggle-sign rounded-all\"><\/span><span class=\"toggle-title\">Miguel Nieto Garc\u00eda<\/span><\/a><\/p>\n<div class=\"toggle-content rounded-bottom\"><img decoding=\"async\" class=\"rounded-all alignleft\" src=\"https:\/\/festivalsalserouv.sefuv.com\/wp-content\/uploads\/2013\/04\/miguel.jpg\" alt=\"\" \/><br \/>\nMiguel Nieto Garc\u00eda, alias \u00abMiguel\u00f3n\u00bb nace en la Nochebuena de 1968 en la ciudad de Valencia. Desde muy joven se convierte en un apasionado de la m\u00fasica y consigue tener su primer mezclador a los 19 a\u00f1os. Empieza a moverse por los ambientes salseros a partir del a\u00f1o 90. Ha trabajado en algunos de los locales mas conocidos de nuestra ciudad y que fueron autenticas leyendas de la noche salsera valenciana como : Hip\u00f3dromo Salsa, Cachamba, Gran Caiman, Havana Club, New Velvet, Kiss Me, etc&#8230; Actualmente es dj residente desde hace ocho a\u00f1os en Pub Akuarela y en Akuarela Playa Sus sesiones suelen ser muy variadas. Su norma principal a la hora de poner m\u00fasica es \u00abagradar a todo el mundo\u00bb , de ah\u00ed su gran variedad a la hora de programar sus sesiones. Miguel\u00f3n ha participado en muchos de los congresos y eventos salseros mas importantes de nuestro pa\u00eds en la ultima d\u00e9cada y es uno de los DJ,S mejor considerados en el ambiente latino valenciano y tambi\u00e9n a nivel nacional. En este a\u00f1o 2013 celebra su 20 aniversario como dj de salsa y, seg\u00fan afirma \u00e9l mismo, espera poder seguir haciendo este trabajo mientras le sea posible.\n<\/div>\n<\/div>\n<div class=\"toggle-container rounded-all\"><a href=\"#\" class=\"toggle\"><span class=\"toggle-sign rounded-all\"><\/span><span class=\"toggle-title\">Ram\u00f3n Cuallado<\/span><\/a><\/p>\n<div class=\"toggle-content rounded-bottom\"><img decoding=\"async\" class=\"rounded-all alignright\" src=\"https:\/\/festivalsalserouv.sefuv.com\/wp-content\/uploads\/2013\/04\/ramondj.jpg\" alt=\"\" \/><br \/>\nCorr\u00eda el a\u00f1o 1999 cuando \u00abaccidentalmente\u00bb me sub\u00ed a una cabina de dj\u2026 Siempre me hab\u00eda apasionado este mundo pero inicialmente nunca tuve el tiempo ni la ocasi\u00f3n para prepararme como tal. Complementaba mis clases de salsa con mis primeras sesiones salseras. Recuerdo comprar mi primer disco de Salsa \u00ab10 Aniversario de la Sonora Latina\u00bb en Salsatienda y entre los recopilatorios que ten\u00eda el local y mis averiguaciones v\u00eda internet [a 56k] yo me hacia una sesiones muy apa\u00f1aditas que parec\u00eda ser gustaban mucho a la gente\u2026 Decid\u00ed ahondar m\u00e1s en aquel terreno y opt\u00e9 por cambiar de una medio licenciatura de filolog\u00eda a un ciclo formativo de grado superior de PRODUCCION AUDIOVISUAL el cual me permiti\u00f3 descubrir el mundo de la TV, el teatro y sobretodo el de la RADIO, el cual me fascinaba\u2026 Trabaje en Zoom Radio durante una a\u00f1ito maravilloso donde aprend\u00ed much\u00edsimas cosas de grandes profesionales. Durante estos 2 a\u00f1os de formaci\u00f3n continuaba mi labor como dj primero en BACHATA 31 [Gran V\u00eda German\u00edas 31] y luego en GLAMOUR DE BACHATA [Honorato Juan 16] donde mis conocimientos y gustos musicales fueron variando\u2026 Aunque era dj residente de mi\u00e9rcoles a domingos siempre me gustaba salir a ver y conocer otros compa\u00f1eros de la ciudad y descubr\u00ed que hab\u00edan grandes profesionales y estilos muy variados \u2026 a principios de los 2000 las mejores programaciones musicales de Valencia eran las de MARIO, OMAR, MIGUELON, ALEX [el blanco &amp; el negro], FERMIN, YERO, ALAIN, PABLO BAT, EDUARDO, etc\u2026 y yo que siempre pens\u00e9 que en la variedad est\u00e1 el gusto decid\u00ed no encasillarme y buscar siempre una sesi\u00f3n equilibrada y sobretodo variada donde el son y la timba tuvieran su momento, al igual que el mambo y la salsa mas neoyorquina, mezclado con salsa colombiana y sobretodo puertorrique\u00f1a. Como todo dj a veces la programaci\u00f3n musical pasaba por distintas fases seg\u00fan p\u00fablico, estado de \u00e1nimo y otros factores \u2026 as\u00ed hay d\u00edas que el dj puede estar m\u00e1s romantic\u00f3n, otros m\u00e1s duro, y otros m\u00e1s alegre\u2026 pero siempre cada uno nos mantenemos en la misma l\u00ednea pues es nuestro sello de identidad para que nos contraten a nosotros en vez de a otros. Durante m\u00e1s de una d\u00e9cada me encargu\u00e9 de la programaci\u00f3n musical de Bachata 31, Glamour, Son Caribe Salsa, Lola-Tino [Rafelbunyol], Salseando, El Palacio de la Salsa, Cachamba [La Pobla], Caf\u00e9 Bachata, Caramelo [J\u00e1tiva], Noches de Salsa, etc. Particip\u00e9 como dj invitado en el Congreso Mundial de la Salsa celebrado en Valencia [2002, 2003, 2004] en el FLAC [Cullera 2005] y participe como dj oficial en el ultimo concierto de Oscar d&#8217;Leon en Valencia \u2026 Durante mi etapa como dj en Glamour tuve la suerte de coincidir con grandes artistas nacionales e internacionales que pasaban largas temporadas en Valencia y las sesiones de los jueves de Glamour eran altamente frecuentadas por todo el p\u00fablico salsero y bailarines profesionales como Johnny V\u00e1zquez, Ram\u00f3n Morales, Jayson Molina, Gaby, etc. Con los a\u00f1os y como muchos dj&#8217;s me he convertido en coleccionista de m\u00fasica salsa y acumulo m\u00e1s de 13.000 discos de este g\u00e9nero que tanto me apasiona que se ha convertido en un modo de vida\u2026 Actualmente dirijo las sesiones salseras de los domingos en la terraza de MIST en el Puerto America\u2019s Cup [mayo &#8211; sep] el pasado a\u00f1o 2012 fue todo un \u00e9xito y esperamos esta temporada que arranca en mayo seguir ofreciendo una alternativa distinta y de calidad al p\u00fablico salsero de Valencia todos los domingos en el puerto de Valencia.\n<\/div>\n<\/div>\n","protected":false},"excerpt":{"rendered":"<p>Pablo Bat Mario Edo Izquierdo Mario Edo Izquierdo, nace en Valencia (Espa\u00f1a) el 4 de Agosto de 1969, se inicia en el mundo de la m\u00fasica a muy temprana edad, influenciado por su padre, el Guitarrista profesional Manuel Edo, tambi\u00e9n conocido como \u201cManolo Reyes\u201d. Hereda&hellip;<\/p>\n","protected":false},"author":1,"featured_media":0,"parent":0,"menu_order":0,"comment_status":"closed","ping_status":"closed","template":"template_fullwidth.php","meta":{"footnotes":""},"class_list":["post-39","page","type-page","status-publish","hentry"],"_links":{"self":[{"href":"https:\/\/festivalsalserouv.sefuv.com\/index.php?rest_route=\/wp\/v2\/pages\/39","targetHints":{"allow":["GET"]}}],"collection":[{"href":"https:\/\/festivalsalserouv.sefuv.com\/index.php?rest_route=\/wp\/v2\/pages"}],"about":[{"href":"https:\/\/festivalsalserouv.sefuv.com\/index.php?rest_route=\/wp\/v2\/types\/page"}],"author":[{"embeddable":true,"href":"https:\/\/festivalsalserouv.sefuv.com\/index.php?rest_route=\/wp\/v2\/users\/1"}],"replies":[{"embeddable":true,"href":"https:\/\/festivalsalserouv.sefuv.com\/index.php?rest_route=%2Fwp%2Fv2%2Fcomments&post=39"}],"version-history":[{"count":13,"href":"https:\/\/festivalsalserouv.sefuv.com\/index.php?rest_route=\/wp\/v2\/pages\/39\/revisions"}],"predecessor-version":[{"id":816,"href":"https:\/\/festivalsalserouv.sefuv.com\/index.php?rest_route=\/wp\/v2\/pages\/39\/revisions\/816"}],"wp:attachment":[{"href":"https:\/\/festivalsalserouv.sefuv.com\/index.php?rest_route=%2Fwp%2Fv2%2Fmedia&parent=39"}],"curies":[{"name":"wp","href":"https:\/\/api.w.org\/{rel}","templated":true}]}}